82
What is the greatest common factor of 5363622 and 639?
9
Calculate the highest common factor of 12560 and 61520.
80
Calculate the greatest common divisor of 268 and 182575268.
268
What is the highest common divisor of 35386 and 3588?
26
Calculate the highest common divisor of 434 and 18822972.
14
Calculate the highest common factor of 6670 and 106372.
58
Calculate the highest common factor of 4220128 and 627.
209
Calculate the greatest common factor of 10695474 and 18.
18
Calculate the greatest common divisor of 128 and 243764.
4
What is the highest common factor of 794262833 and 26?
13
What is the highest common divisor of 483516 and 34452?
1188
What is the greatest common factor of 7648771 and 6084?
169
Calculate the highest common divisor of 6407772 and 972.
12
What is the highest common divisor of 536202 and 50418?
18
What is the greatest common divisor of 2239 and 1336519553?
2239
What is the highest common divisor of 2384904 and 456?
24
Calculate the highest common factor of 11 and 241050678.
11
What is the greatest common factor of 1205189 and 1007?
19
Calculate the highest common divisor of 217255540 and 1646.
1646
Calculate the highest common divisor of 37543675 and 103272.
4303
Calculate the greatest common factor of 10584 and 133959.
21
Calculate the highest common factor of 37210555 and 1315.
1315
What is the highest common factor of 5541219 and 108?
9
Calculate the highest common factor of 990 and 9681705.
495
What is the highest common factor of 5577908 and 140?
28
Calculate the highest common divisor of 23698 and 26358.
2
What is the greatest common factor of 8 and 37964264?
8
Calculate the highest common divisor of 15 and 61549915.
5
Calculate the highest common factor of 8996270 and 188.
94
What is the greatest common divisor of 117 and 2126891?
13
Calculate the highest common factor of 3443713482 and 5052.
2526
Calculate the highest common factor of 26 and 3551052622.
26
What is the highest common factor of 176588412 and 108?
12
Calculate the greatest common factor of 2862812 and 14295.
953
Calculate the highest common divisor of 168 and 1647016.
56
Calculate the highest common factor of 277367049 and 3393.
261
What is the highest common factor of 14004753 and 63?
21
Calculate the greatest common divisor of 56280 and 10663720.
2680
What is the highest common divisor of 7584304 and 1040?
208
Calculate the highest common divisor of 8225 and 14525.
175
What is the greatest common divisor of 249529 and 387?
43
What is the highest common factor of 51833490 and 1290?
1290
Calculate the highest common divisor of 1170704 and 32.
16
What is the highest common divisor of 876 and 63033456?
876
What is the highest common divisor of 7029168 and 720?
48
What is the greatest common divisor of 57644015 and 6435?
715
Calculate the highest common factor of 376592616 and 552.
552
What is the greatest common factor of 574883 and 8025847?
1501
Calculate the highest common factor of 646 and 16890554.
34
Calculate the highest common factor of 21571 and 25947952.
1961
What is the highest common divisor of 44940 and 2059215?
1605
Calculate the greatest common divisor of 24226826 and 130.
26
Calculate the highest common factor of 117337216 and 768.
128
Calculate the greatest common factor of 162 and 930123.
81
Calculate the highest common divisor of 7580722 and 1162.
166
What is the highest common divisor of 198 and 14595878?
22
Calculate the highest common divisor of 40 and 19406330.
10
Calculate the highest common divisor of 42976 and 22372.
68
What is the greatest common divisor of 267720 and 29585?
485
What is the highest common divisor of 1169280 and 22806?
126
Calculate the greatest common divisor of 171670 and 19490.
10
Calculate the highest common factor of 60755 and 3515410.
2095
What is the highest common factor of 782 and 4423383?
391
Calculate the highest common divisor of 941473 and 286.
13
Calculate the greatest common divisor of 747 and 1240933.
83
What is the greatest common factor of 6108 and 29490951?
1527
Calculate the greatest common factor of 27 and 3243969.
27
Calculate the greatest common factor of 27182217 and 1178.
19
What is the highest common factor of 500663335 and 5?
5
What is the greatest common factor of 156 and 6504276?
12
Calculate the highest common divisor of 1100184 and 36.
12
Calculate the highest common divisor of 10613005 and 1196.
299
What is the highest common divisor of 10773 and 3612?
21
What is the highest common factor of 15304804 and 456?
76
Calculate the greatest common divisor of 549 and 2073753.
9
What is the highest common factor of 5595556 and 19708?
1516
What is the highest common divisor of 329451 and 277341?
579
What is the highest common factor of 57228 and 4902?
114
Calculate the highest common divisor of 8392 and 938.
2
Calculate the highest common divisor of 8474872 and 8.
8
What is the greatest common divisor of 99529081 and 2910?
97
What is the greatest common factor of 117 and 31779579?
39
Calculate the highest common divisor of 705036 and 12300.
492
What is the highest common factor of 1589206350 and 3650?
3650
What is the highest common divisor of 737947 and 37506?
329
Calculate the greatest common divisor of 15997 and 19244.
17
What is the highest common divisor of 4628053 and 842?
421
Calculate the highest common factor of 13015 and 1084615.
95
What is the greatest common factor of 1880163 and 69?
3
Calculate the highest common factor of 261737000 and 556.
556
Calculate the highest common divisor of 9319573 and 1664783.
5353
Calculate the highest common factor of 18 and 155923506.
18
What is the greatest common divisor of 8924205 and 3078?
57
Calculate the highest common divisor of 1671 and 506055666.
1671
What is the greatest common factor of 3037186 and 1139?
17
Calculate the greatest common divisor of 1395448 and 56.
8
What is the greatest common divisor of 17560 and 207108786?
878
What is the greatest common factor of 312572556 and 50868?
5652
Calculate the greatest common factor of 16040830 and 91.
13
Calculate the greatest common factor of 14060 and 2814380.
20
Calculate the greatest common divisor of 91951561 and 13.
13
Calculate the highest common divisor of 28659 and 310589.
233
Calculate the highest common divisor of 32 and 13568736.
32
What is the highest common divisor of 410154 and 217488?
1182
Calculate the greatest common factor of 164 and 10928591.
41
What is the greatest common factor of 340520486 and 1556?
778
Calculate the greatest common divisor of 408 and 106970120.
136
Calculate the greatest common factor of 24817 and 79603.
23
Calculate the greatest common divisor of 456927 and 149577.
2049
What is the greatest common divisor of 5382 and 165441852?
414
What is the greatest common factor of 552 and 838416?
24
What is the greatest common divisor of 63949340 and 1820?
1820
What is the greatest common divisor of 15428 and 868028?
812
What is the highest common divisor of 7247317 and 14?
7
Calculate the highest common divisor of 7683 and 81939.
39
What is the greatest common factor of 55062384 and 624?
624
What is the highest common factor of 1840 and 5990580?
460
What is the highest common factor of 668437 and 2387?
77
What is the highest common factor of 67218 and 18734?
34
Calculate the greatest common divisor of 5243 and 17287669.
749
What is the highest common factor of 2987 and 30284323?
29
Calculate the highest common factor of 1098 and 2241234.
18
What is the highest common factor of 493 and 74224601?
493
What is the highest common divisor of 1733100 and 18?
6
What is the greatest common divisor of 44122 and 2099786?
26
Calculate the highest common factor of 54078 and 167358.
6
What is the highest common divisor of 9225 and 699525?
225
What is the greatest common factor of 22944270 and 150?
30
Calculate the highest common factor of 351173032 and 56.
56
What is the greatest common divisor of 4295072 and 8848?
1264
Calculate the highest common factor of 186150 and 15346206.
7446
What is the greatest common factor of 2203744544 and 544?
544
Calculate the greatest common factor of 1056897 and 47343.
129
What is the greatest common factor of 3 and 908649?
3
What is the highest common factor of 49421 and 9919404?
677
Calculate the highest common divisor of 549